e tens digit of q?
7
Suppose 2*w - 5*t = 308, 2*w - 712 = -3*w - 2*t. Let f = w - 72. What is the units digit of f?
2
Let s = -2 - -2. Let f(z) = z**3 + 4*z**2 - 2*z - 34. Let b(o) = -o**3 - 5*o**2 + 3*o + 35. Let u(d) = -3*b(d) - 4*f(d). What is the units digit of u(s)?
1
Let q = 766 - -2018. What is the hundreds digit of q?
7
Let m(u) = u**2 + 10*u + 4. Let y be m(11). Suppose y = -q + 5*q - v, 5*v = 25. Suppose -8 = 2*i - q. What is the units digit of i?
6
Suppose 7*g = 4*g + 570. Let s = 2 + 1. Suppose -n - 148 + 17 = -s*o, 5*o - g = -4*n. What is the units digit of o?
2
Let u(v) = v + 7. Let a be u(-5). Suppose w - 150 = 3*l, -4*w + 199 = -a*l - 351. What is the hundreds digit of w?
1
Let d(l) = 42*l. Let w be (-11 - -12)/(1 + 0). What is the tens digit of d(w)?
4
Suppose 2*b - 3*f + 73 = -16, -2*f = -b - 47. Let s = -31 - b. What is the units digit of s?
6
Suppose -5*y = 315 - 995. Suppose -5*q + y = -34. What is the units digit of q?
4
Let a(p) = -5*p - 22. Let v(q) = -1. Let d(c) = a(c) - 6*v(c). Suppose -2*r - 7*r - 81 = 0. What is the units digit of d(r)?
9
Suppose 2*m - 15 = -3*t + 6*m, -t - 11 = 4*m. Let n be (-1)/(8/6)*-8. Suppose -n + t = -k. What is the units digit of k?
5
Let c = -793 - -3842. What is the thousands digit of c?
3
Let p(o) = -o**3 - 3*o**2 + 4*o + 3. Let b be p(-4). Suppose -99 = -4*h - 3*g, b*g + 61 + 2 = 2*h. What is the tens digit of (h/(-5))/((-4)/20)?
2
Suppose -n - 8 = -5*n. Suppose -220 = -n*i - 3*c, -c - 525 = -5*i + 4*c. Suppose -2*m - 172 = -5*p, -3*p + 6*m = m - i. What is the tens digit of p?
3
Let a(u) = -u**3 + 4*u**2 + 5*u. Let c be a(5). Let i be (0 - c) + (8 - 5). Suppose -i*d + 22 = -2. What is the units digit of d?
8
Suppose 0 = 5*g + a - 43 + 195, -70 = 2*g + 5*a. Let t be 20/g - (-2)/3. Suppose 3*c + 5*m - 152 + 57 = t, 2*c - 74 = 2*m. What is the tens digit of c?
3
Let o be 6 - -2*9/(-6). Suppose 81 = o*y - 21. Let g = -21 + y. What is the units digit of g?
3
Let x(q) be the third derivative of -q**6/20 + q**5/30 - q**4/12 + q**3/6 + 2*q**2. Let m be x(1). What is the tens digit of (-3 - -1) + m + 32?
2
Suppose -11 + 2 = -3*l. Suppose -5*j - 4*o + 275 = 0, -3*j + 2*o - l*o = -158. Suppose -2*d + 13 = -j. What is the tens digit of d?
3
Let u = -13 + 9. What is the tens digit of (-19)/(-1)*(-23 + 3)/u?
9
Suppose -s = -b - 2, 8 + 4 = 2*b + 2*s. Let n(a) = -a**2 - 2*a + 3. Let d be n(-4). What is the units digit of (d/b)/((-4)/56)?
5
Let y(s) be the third derivative of -s**6/180 + s**5/10 + 5*s**4/24 + 5*s**2. Let i(z) be the second derivative of y(z). What is the tens digit of i(-9)?
4
Let c be (-8)/3*(6 + (-45)/6). What is the units digit of c/(-6) - (-231)/9?
5
Suppose 11*l + z - 1599 = 6*l, 0 = -4*l + 5*z + 1285. What is the units digit of l?
0
Let n = -1118 + 1792. What is the tens digit of n?
7
Let z(r) be the second derivative of r**4/12 + 4*r**3/3 + r**2/2 - 12*r. What is the tens digit of z(-9)?
1
Suppose 5*b = 35 - 45. What is the tens digit of b/((-13)/(-15) - 1)?
1
Suppose 2*z = -2*a - 10, -a + 2*z = -3*z - 13. Let n be (-20)/(-12) + -1 + 20/(-3). What is the units digit of a*((-27)/n)/(-3)?
3
Let f(a) = a**3 - 6*a**2 - 2. Let l be f(5). Let m = l - -39. What is the units digit of m?
2
Suppose -3 = -2*o + 3*b, -4 + 22 = o + 4*b. Suppose -o*j + 39 = -3. Let q(t) = t**2 - t - 10. What is the tens digit of q(j)?
3
What is the tens digit of (-2)/(-4)*2 - (-532 - 7)?
4
Let g = 13 - 8. Suppose 50 = 3*u + 4*f, -f + 2*f = 2*u - 37. Suppose -3*v + 8*t + u = 4*t, -g*v - 5 = 5*t. What is the units digit of v?
2
Suppose 0 = -5*q - 1 + 11. Suppose -2*u = 0, c - 4*u = -q*c + 45. Let i = 19 + c. What is the units digit of i?
4
Let h(u) = 2*u + 24. Suppose -14 + 59 = -3*j. Let k = 15 + j. What is the units digit of h(k)?
4
Suppose -u - 8*h = -5*h - 1291, -u + 1296 = -2*h. What is the units digit of u?
4
Let q(i) = -i**3 + 4*i - 2 + 2*i**3 + 12*i - 13*i**2 + 3. Let u be q(12). What is the tens digit of (-338)/(-14) - 7/u?
2
Let r(j) = -757*j + 9. What is the tens digit of r(-1)?
6
Suppose -1126*k = -1130*k + 4060. What is the hundreds digit of k?
0
Let p(h) = h**3 + 9*h**2 + 5*h + 3. Let z be p(-9). What is the units digit of ((-288)/z)/((-4)/(-42))?
2
Let f be (-9)/(-4)*(5 - (34 + -5)). Let x = f + 85. What is the units digit of x?
1
Let c = 20 + -18. Suppose c*y - w - 179 = -66, -w = 2*y - 123. What is the tens digit of y?
5
Suppose -4*g = -3*g + 2*p - 6, 4*p = 4*g + 36. Suppose -4*o - 9 - 59 = 0. Let l = g - o. What is the units digit of l?
3
Let d be (-1 - -1) + -2 + 5. Let c(u) = -u**d + 3 + 3*u + 5 - 4*u**2 - 5. What is the units digit of c(-5)?
3
Let m(k) = 1. Let z(l) = 18*l - 2. Let s(n) = -m(n) + z(n). Suppose -2*a - 3*o + 7 = 0, 6 = 4*a + 2*o - 4. What is the tens digit of s(a)?
3
Let m = 53 + -49. Suppose -m*b + 9*b = 160. What is the units digit of b?
2
What is the tens digit of 124/(-24)*-3*6?
9
Suppose 4*b + 5*r = -716, r + 531 = -3*b - 17. Let o = 58 - b. What is the tens digit of o?
4
Let j = -37 + 37. What is the units digit of j - 38/(-4 - -2)?
9
Let t(d) = -d**2 - 12*d + 352. What is the units digit of t(0)?
2
Let z = 855 + 62. What is the hundreds digit of z?
9
Let q(p) = 409*p - 42. What is the hundreds digit of q(2)?
7
Suppose 0 = x + 7*a - 5*a - 264, a = 0. What is the hundreds digit of x?
2
Let s(v) be the third derivative of v**6/120 - v**5/15 - v**4/24 + v**3 + 23*v**2. What is the units digit of s(6)?
2
Suppose -3*n + 21000 = 5*n. What is the tens digit of n?
2
Let s(u) = 8*u**3. Let t be s(1). Suppose 0 = -t*z + 2*z + 300. What is the tens digit of z?
5
Suppose -5*g - 5 = 0, -g + 344 = 5*z - 345. Let d be (-15)/(2*(-2)/20). Let m = z - d. What is the tens digit of m?
6
Suppose b + n + 3*n - 7 = 0, 0 = -2*b - 4*n + 14. Let y be b/28 + (-574)/(-8). Let w = y + -39. What is the units digit of w?
3
What is the units digit of 430 + 0 - (-20)/50*10?
4
What is the units digit of (-131422)/(-276) - (-1)/(-6)?
6
Let r(d) = -d**3 - 6*d**2 + d + 8. Let t be r(-6). Suppose 3*i = 5*s - s + 163, 2*s - t*i + 82 = 0. What is the tens digit of 73/4 - (-10)/s?
1
Let t be (-2)/(-11) - 63/(-77). Suppose t = m - 2. Suppose -m*i + 69 = 5*g, 0 = i + 3 - 1. What is the tens digit of g?
1
Let c(a) = a**3 + 7*a**2 + 4*a - 5. Let f be c(-6). Let g(b) = -b**2 + 4*b + 2. Let v be g(f). Let n = 25 + v. What is the units digit of n?
6
Let d(c) be the first derivative of -c**4/4 + 4*c**3/3 + 3*c**2/2 + 3. What is the units digit of d(4)?
2
Let r be (2/(-2))/((-2)/(-80)). Suppose 16*d + 230 + 218 = 0. Let p = d - r. What is the units digit of p?
2
Let j = -1534 + 1937. What is the tens digit of j?
0
Let q = -2 + 2. Suppose -5*p + 24 = 4*s, q = -4*s + s - 4*p + 17. Suppose -5*c = -34 - s. What is the units digit of c?
9
Suppose q + 5*k - 713 = 0, -2*k - 3 = 1. What is the units digit of q?
3
Let j = 6 + -11. Let k = j + -7. What is the tens digit of (-3)/(k/104)*1?
2
Let s = -33 - -29. Let v(z) = -z - 4. Let q be v(s). Suppose 5*j - 12 + 2 = q. What is the units digit of j?
2
What is the units digit of 62112/10 - (16 - 1848/110)?
2
Suppose -3*f + 9 + 0 = 0. Suppose -3*t = -3*n - f, -1 = -n - 4*t + 13. Suppose n*m - 37 - 9 = 0. What is the tens digit of m?
2
Let h(w) = 7*w - 7. Let c = 12 + -15. Let t(i) = -2*i + 2. Let n(b) = c*h(b) - 8*t(b). What is the units digit of n(-4)?
5
Let d(m) = -2*m**2 + 18*m + 2. Let u be d(9). Suppose -u*r = -a - 558, 0 = r + 2*r - 5*a - 837. What is the tens digit of r?
7
Let k be (-4 + (-15)/(-5))*2. What is the tens digit of k + -1 + 1*62?
5
Let c(g) = 4*g**2 + 16*g + 18. Let v be c(-6). Suppose -7*b + v = -b. What is the units digit of b?
1
Let p(i) = i + 17. Suppose 0*q - 5*q = 65. Let g be p(q). Suppose g*r - 2*b + 0*b - 206 = 0, 3*r = -b + 162. What is the tens digit of r?
5
Let j be -1 - -2 - (-6 - -5). Let h be (-22)/8 + j/(-8). Let t(l) = 5*l**2 + 2*l + 3. What is the tens digit of t(h)?
4
Suppose 0 = -2*r - 0*b + 4*b - 8, 5*r - 2 = -b. Let v be 25 + r/((-3)/(-3)). Let k = v + -16. What is the units digit of k?
9
Suppose 0 = s - 5*l - 963, -3930 = -3*s + 4*l - 1019. What is the tens digit of s?
7
Suppose -4*d + 12 = 4*k, -7*k = 3*d - 3*k - 8. What is the units digit of (-1 + 2)/(d/236)?
9
Suppose -5*j - 202 + 602 = 0. What is the tens digit of (j/(-15))/(2/(-51